est common factor of 3968 and 652364?
124
What is the greatest common factor of 90 and 416569590?
90
Calculate the highest common divisor of 2940 and 273377860.
980
What is the greatest common divisor of 3561002 and 233465?
881
Calculate the highest common factor of 8916408 and 11322.
666
Calculate the highest common divisor of 233 and 14315753.
233
What is the greatest common factor of 16938 and 660065391?
8469
What is the highest common divisor of 15929 and 100691?
17
What is the highest common factor of 42848 and 23461958?
2678
What is the highest common divisor of 1978326 and 192276?
882
Calculate the greatest common factor of 297 and 22804551.
297
What is the greatest common factor of 1884490 and 10664?
62
What is the greatest common divisor of 365373853 and 481?
481
What is the highest common divisor of 411 and 13040619?
411
Calculate the highest common factor of 8158740 and 102.
6
What is the highest common factor of 17328 and 3800912?
304
What is the highest common factor of 4598760 and 88?
8
What is the highest common divisor of 174994997 and 19?
19
Calculate the highest common divisor of 10019715 and 170.
85
Calculate the greatest common divisor of 2160 and 1853388.
108
What is the greatest common divisor of 4914588 and 249725?
9989
Calculate the greatest common factor of 3199019 and 87.
29
What is the highest common factor of 120 and 19837065?
15
Calculate the highest common divisor of 8891154 and 162.
54
What is the highest common divisor of 26133813 and 54?
27
Calculate the highest common factor of 2618 and 74259196.
374
What is the highest common factor of 55 and 44454210?
5
Calculate the highest common factor of 12500 and 13559375.
3125
What is the greatest common factor of 37906 and 1210?
22
Calculate the greatest common factor of 78200 and 1149448.
184
What is the highest common factor of 40474081 and 2657?
2657
Calculate the greatest common divisor of 325 and 3005912.
13
Calculate the greatest common factor of 102 and 2487882.
102
What is the greatest common divisor of 1709505348 and 12?
12
Calculate the highest common divisor of 641485 and 3692.
923
What is the highest common divisor of 9896226 and 15?
3
Calculate the greatest common divisor of 7581880 and 72.
8
What is the greatest common factor of 2045733 and 15087?
321
What is the highest common divisor of 890 and 191402065?
445
Calculate the greatest common factor of 3690334 and 6.
2
Calculate the highest common divisor of 3136109 and 170.
17
Calculate the highest common divisor of 3477690 and 90.
90
What is the highest common factor of 22840 and 208920?
40
Calculate the highest common divisor of 828 and 1062216.
36
Calculate the highest common factor of 41395 and 62645.
85
What is the highest common divisor of 541020 and 5975985?
1905
What is the highest common factor of 3632 and 2235269?
227
Calculate the greatest common factor of 27772 and 3463247.
131
Calculate the highest common divisor of 60 and 4502070.
30
Calculate the greatest common factor of 420 and 294301168.
28
What is the greatest common factor of 50045601 and 95?
19
What is the greatest common divisor of 630397350 and 2475?
2475
What is the greatest common divisor of 300 and 1481804?
4
Calculate the highest common factor of 10878 and 311244.
222
What is the highest common divisor of 140 and 41131454?
14
What is the highest common factor of 10384 and 4150768?
944
What is the highest common factor of 22148 and 3314290?
1582
What is the highest common divisor of 159 and 12904?
1
What is the greatest common divisor of 21 and 661429398?
21
What is the greatest common divisor of 4284 and 3918789?
1071
What is the highest common factor of 17081 and 113429?
31
What is the highest common factor of 1925 and 5445475?
175
What is the greatest common factor of 20 and 62404?
4
What is the greatest common factor of 464 and 121575308?
116
What is the highest common divisor of 128 and 2204?
4
What is the highest common divisor of 12567196 and 8383?
83
Calculate the greatest common factor of 3180 and 1846414.
106
What is the highest common factor of 3035 and 1052305?
5
Calculate the greatest common factor of 1368144 and 2160.
432
What is the highest common divisor of 1012448 and 1704736?
928
Calculate the highest common divisor of 91 and 184108197.
91
Calculate the highest common factor of 15908 and 139892.
164
Calculate the greatest common factor of 14148 and 4146444.
108
What is the highest common factor of 28235730 and 15650?
3130
What is the highest common factor of 5805 and 80055?
135
What is the highest common factor of 447070 and 2813102?
6878
What is the greatest common divisor of 266154742 and 2506?
2506
What is the greatest common divisor of 204 and 1282326?
6
What is the highest common factor of 290 and 747037680?
290
Calculate the greatest common divisor of 582950481 and 1233.
411
Calculate the greatest common divisor of 2783 and 77675554.
253
What is the highest common factor of 986501034 and 558?
558
What is the greatest common divisor of 10348 and 3971396?
52
What is the greatest common factor of 140 and 4888975?
35
Calculate the highest common factor of 2912476 and 2752.
172
What is the greatest common divisor of 3923137 and 1081?
47
Calculate the highest common factor of 3287 and 907858.
19
What is the greatest common factor of 1328020 and 59110?
230
What is the highest common factor of 387244 and 745030?
286
What is the highest common factor of 47127324 and 79209?
2031
Calculate the greatest common factor of 671099 and 55.
11
Calculate the highest common factor of 19320 and 7835.
5
Calculate the greatest common factor of 204 and 26374500.
12
What is the greatest common divisor of 3933 and 355167?
171
What is the highest common factor of 108 and 79220844?
36
What is the greatest common divisor of 110857190 and 10?
10
Calculate the greatest common divisor of 19821494 and 130438.
1694
Calculate the highest common factor of 41848506 and 7164.
3582
Calculate the greatest common divisor of 844776 and 14472.
216
What is the greatest common factor of 480 and 496104?
24
Calculate the greatest common factor of 53116 and 163366.
98
Calculate the greatest common factor of 184022 and 4294454.
1822
What is the greatest common divisor of 2163 and 131674067?
721
What is the greatest common divisor of 432 and 5691249?
27
Calculate the greatest common factor of 80985 and 15600.
15
Calculate the greatest common divisor of 7228524 and 12.
12
Calculate the greatest common divisor of 182869 and 214658711.
5899
What is the highest common divisor of 475 and 495103045?
95
What is the highest common factor of 36 and 303822?
18
What is the greatest common divisor of 1551 and 41613?
33
Calculate the greatest common factor of 3468 and 12496734.
102
Calculate the highest common divisor of 66502190 and 10.
10
What is the greatest common divisor of 61637729 and 11932?
2983
What is the highest common divisor of 1299475 and 94400?
1475
What is the greatest common factor of 2728780 and 3420?
380
What is the greatest common divisor of 37473224 and 36088?
2776
What is the greatest common factor of 2648 and 15383225?
331
What is the highest common divisor of 2085 and 101720895?
2085
Calculate the highest common factor of 124082178 and 132.
66
What is the greatest common divisor of 27 and 495900396?
9
What is the greatest common factor of 549593 and 19?
1
What is the greatest common divisor of 3806 and 597707?
11
What is the highest common factor of 26249286 and 420?
42
What is the greatest common divisor of 7416 and 1007649?
927
What is the highest common divisor of 2487015 and 310590?
765
Calculate the greatest common divisor of 3447 and 12100119.
1149
What is the greatest common divisor of 208680 and 8652?
12
What is the greatest common factor of 5069709 and 341?
31
Calculate the greatest common factor of 1050625 and 548006.
1681
What is the greatest common divisor of 1055559 and 310396?
1063
What is the highest common factor of 4680 and 20106?
18
Calculate the highest common factor of 308 and 94226836.
44
Calculate the highest common factor of 250 and 395849.
1
What is the highest common factor of 3265134 and 6?
6
Calculate the greatest common divisor of 96964142 and 22.
22
Calculate the highest common divisor of 87428283 and 6657.
951